he remainder when ((-6)/(-9))/(78/11349) is divided by 2.
1
Let f be ((-129)/(-4))/((135/(-40))/(-9)). Let h = f + -77. What is the remainder when 53 is divided by h?
8
Suppose -s + 25 = -2*f, 5*f + 57 = -s + 82. Calculate the remainder when s is divided by 9.
7
Let p(j) = -j**3 - j**2 - 2*j + 30. Let x be (-8)/(-5) + (-2)/(-5). Suppose 2*v = -v, -n = -x*v. What is the remainder when p(n) is divided by 11?
8
Suppose 0 = 2*j - 697 - 239. Suppose 0 = -6*l - 7*l + j. Calculate the remainder when 142 is divided by l.
34
Suppose -8 = -10*x + 6*x. What is the remainder when x/(-7) - (-1725)/35 is divided by 26?
23
Calculate the remainder when (36/10)/((-14)/(-105)) is divided by 11.
5
Suppose -4*h + 2*q = -8*h + 152, 4*q + 92 = 3*h. What is the remainder when -9*(-5 - (-96)/(-9)) is divided by h?
33
Let w = 77 - 81. Calculate the remainder when 27 is divided by 11 + (w/1)/1.
6
Let z(c) = 36*c**2 - 2*c - 1. Calculate the remainder when 109 is divided by z(-1).
35
Suppose 0 = -i + 5 + 4. What is the remainder when (-57)/i*(-4 - -1) is divided by 6?
1
What is the remainder when 579 is divided by -13*(-12)/78 - (-7 - -2)?
5
Suppose -3*a - 9 = -3*u + 15, -3*a + 6 = 0. Calculate the remainder when u is divided by 2.
0
Suppose 3*z - 74 = -5*v, -2*z = 2*v + v - 45. Suppose 5 = w + 10. Let y = 30 + w. Calculate the remainder when y is divided by v.
12
Let f(h) = -h**2 - 7*h + 67. Calculate the remainder when 2320 is divided by f(-11).
20
Let s = 91 - 70. What is the remainder when s is divided by 13?
8
Suppose -k - 3*u + 35 = 0, 6*u - 16 = 10*u. Suppose -1 = -2*h + 11. What is the remainder when k is divided by h?
5
Let k(s) = 2*s - 12. Suppose -3*v + 2*v + 178 = 3*j, -5*j = 4*v - 285. Let u = j - 33. What is the remainder when u is divided by k(11)?
8
Let u(w) = 2*w + 14. Let f be u(-6). Suppose 30 = 2*b + x, -30 + 8 = -f*b - 3*x. Calculate the remainder when b is divided by 4.
1
Let f(t) = t**3 + 8*t**2 - 19*t + 8. Calculate the remainder when f(-9) is divided by 33.
32
Let x = 101 - 4. What is the remainder when x is divided by 9?
7
Suppose -7370 + 154 = -88*g. What is the remainder when 1556 is divided by g?
80
Suppose 5*u + 15 = -2*h, 4*h - 2 - 4 = 2*u. Suppose 27*c - 25*c - 84 = h. Calculate the remainder when 165 is divided by c.
39
Calculate the remainder when 89 is divided by (8/24)/((-1)/(-3))*10.
9
Suppose -4*t = -5*b - 776, -8*b + 11*b + 957 = 5*t. Calculate the remainder when t is divided by 6.
3
Let k = -565 - -572. Calculate the remainder when 4 - 5/((-15)/69) is divided by k.
6
Suppose 45*s - 49*s = 0. What is the remainder when 55 is divided by s - (-18 - (0 - 4))?
13
Let o = -95 + 118. What is the remainder when 66 is divided by o?
20
Let c(w) = -2*w**3 - 26*w**2 + 25*w + 35. What is the remainder when c(-14) is divided by 10?
7
Let u be (-12)/(-42) + 26/7. Let r = 34 - 29. Suppose 125 = r*i + 3*f, i - 16 + u = 2*f. Calculate the remainder when i is divided by 6.
4
Let o(m) = m - 15. Let d be o(-9). Let r(g) = -g**3 - 23*g**2 + 23*g + 30. Calculate the remainder when 107 is divided by r(d).
53
Let t be (12/10)/((-24)/80). Let o = t + 16. Calculate the remainder when 23 is divided by o.
11
Suppose -2*x - 155 = -7*x. Calculate the remainder when 40 is divided by x.
9
Let c = -16 + 34. Let r(i) be the third derivative of i**5/20 - i**4/12 + i**3/3 + 11*i**2. What is the remainder when r(-3) is divided by c?
17
Let u(p) = p**3 - 8*p**2 - 8*p + 1. Let c be u(9). Suppose 8 + c = 3*w. Let i = 44 + -28. What is the remainder when i is divided by w?
4
Let f be (2 - 4/2)*1. Suppose f = -4*s + 32 - 8. What is the remainder when ((-6)/8)/((-60)/1840) is divided by s?
5
Let d(x) = -x**2 - 3*x + 9. Let k be d(3). Let c = k - -38. What is the remainder when 82 is divided by c?
24
Let z(x) = -55*x + 26. What is the remainder when z(-3) is divided by 14?
9
Let s = 27 - 12. Let m = 1832 - 1823. Calculate the remainder when s is divided by m.
6
Suppose 4*h - 2*n - 1274 = 0, -3*n - 627 = -10*h + 8*h. Calculate the remainder when h is divided by 36.
33
Suppose 3*i = -3*h + 5 + 31, -i = 4*h - 51. Suppose -7*u = -329 - 21. What is the remainder when u is divided by h?
11
Let f(y) = y**3 - 5*y**2 - 5*y - 6. Let u be f(6). Suppose -3*q + 2 + 112 = u. Suppose 4*c - q = 38. What is the remainder when c is divided by 5?
4
Let o be 13 + -4 + 0 + 3 + 0. Suppose -5*d - o = -6*d. Calculate the remainder when 83 is divided by d.
11
Let k be (2/8)/((-38)/(-304)). Let v(w) = 52*w**2 + 7*w - 14. Calculate the remainder when v(k) is divided by 35.
33
Let t(f) be the second derivative of -f**4/12 + 13*f**3/6 + 41*f**2/2 - 24*f. What is the remainder when t(14) is divided by 6?
3
Suppose 0*r - 1638 = -14*r. Calculate the remainder when r is divided by 10.
7
Let a = 2078 + -1151. What is the remainder when a is divided by 58?
57
Let u = -8 + 31. Suppose 43*o + 112 = 3*h + 45*o, 0 = 3*h - 4*o - 154. Calculate the remainder when h is divided by u.
19
Let f(b) be the third derivative of b**4/2 - b**3/3 - 5*b**2. Let l be -2 + 4 + -3 + 2. What is the remainder when f(l) is divided by 4?
2
Let u = 132 + -61. Suppose 5*y - u = 139. What is the remainder when 121 is divided by y?
37
Suppose 4*b = -4*z - z + 152, -4*z + 16 = 0. Calculate the remainder when 62 is divided by b.
29
Calculate the remainder when 57 is divided by (1 + 4)*(-9 - (-20)/2).
2
What is the remainder when 1*(-7 - 1404/(-9)) is divided by 5?
4
Suppose 0 + 6 = -z. What is the remainder when 10 is divided by z*(-6)/(-9) + 11?
3
Suppose -m = -c - 1, -4*c - 4*m = -2*c - 28. Suppose 5*x - 85 = v, c*v = -2*x - x + 51. Calculate the remainder when 101 is divided by x.
16
Let d(v) = -20*v + 5. Let n(k) = 20*k - 6. Let p(w) = 5*d(w) + 4*n(w). Calculate the remainder when ((-1804)/(-33))/(4/6) is divided by p(-1).
19
Let u = 262 + 342. What is the remainder when u is divided by 32?
28
Let r(o) = 13*o - 529. What is the remainder when 186 is divided by r(44)?
14
Suppose -222*j = -226*j + 296. Let r be (-78)/(-4) - (-5)/(-10). Suppose 4*k - r = 3*k. Calculate the remainder when j is divided by k.
17
Let k be 2/4*198/3. Suppose -5*c = -2*c - k. Suppose -4*f = -4*l - 68, -4 = -2*l - 0. Calculate the remainder when f is divided by c.
8
Let i(o) = 2*o**2 - 2*o - 4. Let k be i(2). Let x(u) = 8*u + 7. What is the remainder when 27 is divided by x(k)?
6
Let s(q) = -q**3 - 25*q**2 - 6*q - 42. Let y be s(-25). Suppose -9*a + 0 = -y. What is the remainder when 20 is divided by a?
8
Let s = -19 + 22. Let x = 24 - 23. What is the remainder when 6/(6/9*s) is divided by x?
0
Suppose 9*n = f + 122, -11*f + 18 = n - 12*f. Let j be 2/4 - (-20)/8. Suppose -17 = -j*z - 5*o + 42, 5*o = -10. What is the remainder when z is divided by n?
10
Calculate the remainder when (-2)/(16/(-40)) - -102 is divided by 22.
19
Let x be (195/60 + (0 - -1))*8. Let q = 61 - x. Calculate the remainder when 53 is divided by q.
26
Let k be 1 + (1 - 1)/(-5). What is the remainder when (-2496)/(-128)*k*-1*-2 is divided by 9?
3
Let l = 2003 - 1981. What is the remainder when 255 is divided by l?
13
Let m = -476 + 498. Calculate the remainder when 371 is divided by m.
19
Suppose 0 = y - 3*b, 5*y - 19*b + 23*b - 57 = 0. Suppose h + 4 = 37. Calculate the remainder when h is divided by y.
6
Suppose -379 = -9*w + 197. Suppose -3*m + m + 22 = 0. What is the remainder when w is divided by m?
9
Let v be (-32)/56*(2 - 16). Suppose -v*u - 49 = -289. Calculate the remainder when u is divided by 4.
2
Let l = 86 + -51. Let r = -15 + 9. Let m = r - -18. What is the remainder when l is divided by m?
11
Suppose 2*g = 5*a + 21, -2*g - 62*a + 60*a + 42 = 0. What is the remainder when 179 is divided by g?
17
Suppose 0*m = -3*m + 72. Let o(k) = 2*k**2 + 26*k + 13. Calculate the remainder when m is divided by o(-13).
11
Let w(v) = 78*v - 197. Calculate the remainder when w(4) is divided by 39.
37
Suppose 9*u = 11*u + 2*p - 1826, 0 = 5*u - p - 4553. Calculate the remainder when u is divided by 48.
47
Let s = 11 - -9. Suppose 0 = 12*j - 533 + 65. What is the remainder when j is divided by s?
19
Suppose 3*v + 2*b = -52, 20 = -v + b - 4. Let x = v + 35. What is the remainder when 64 is divided by x/20 - (-65)/4?
13
Let j = -9 - -13. Let n = -4 + j. Suppose n = 3*r + 2*r - 70. Calculate the rema